{"id":405,"date":"2024-04-17T19:01:47","date_gmt":"2024-04-17T18:01:47","guid":{"rendered":"https:\/\/xn--nsberg-bua.nu\/?page_id=405"},"modified":"2026-03-26T22:47:48","modified_gmt":"2026-03-26T20:47:48","slug":"arbetsdag","status":"publish","type":"page","link":"https:\/\/n\u00e4sberg.nu\/index.php\/aktiviteter\/arbetsdag\/","title":{"rendered":"Arbetsdag"},"content":{"rendered":"<p>En ganska nytt p\u00e5fund med start 2023, s\u00e5 snart \u00e4r den lika sj\u00e4lvklar som sl\u00e5tterdagen och midsommar.<\/p>\n<p>Man kan se den som en uppf\u00f6ljning p\u00e5 sommarens sl\u00e5tterdag, f\u00f6r att f\u00f6rbereda f\u00e4dboden inf\u00f6r den stundande vintern. D\u00e5 det finns ett litet behov att forts\u00e4tta lite mer efter sl\u00e5tterdagen i juli. Exempel p\u00e5 aktiviteter kan kan vara att r\u00f6ja sly p\u00e5 samf\u00e4lld mark, st\u00e4lla iordning i och kring ladan vid majst\u00e5ngen, hantera h\u00e4ssjorna, se \u00f6ver mindre skador p\u00e5 samf\u00e4llda v\u00e4gar, kolla \u00f6ver inventarierna (inklusive f\u00f6rbrukningsvaror i ladan) och s\u00e5 vidare<\/p>\n<p>\u00c5r ett och tv\u00e5 \u00e5ren har den infallit sista l\u00f6rdagen i augusti, men 2025 testade vi att skjuta fram den tv\u00e5 veckor, vilket \u00e4nd\u00e5 verkade fungera bra s\u00e5 vi forts\u00e4tter s\u00e5.<\/p>\n<p>Den f\u00f6rsta arbetsdagen var h\u00f6sten 2023, d\u00e5 vi tog ett krafttag inne i ladan, d\u00e5 den hade varit hemvist flertalet f\u00f6r flera familjer av svalor tidigare under \u00e5ret. Vi grovsopade f\u00f6rst och sen bl\u00e5ste rent med h\u00f6gtryckstv\u00e4tt och piassavakvast s\u00e5 gjorde vi ladan skinande ren igen, givetvis st\u00e4ngde vi till alla st\u00f6rre \u00f6ppningar med st\u00e5ln\u00e4t f\u00f6r att f\u00f6rhindra objudna g\u00e4ster. Vi t\u00f6mde h\u00e4ssjorna inf\u00f6r vintern, f\u00f6r att f\u00f6rvara de under tak.<\/p>\n<div id=\"attachment_200\" style=\"width: 1034px\" class=\"wp-caption alignnone\"><img loading=\"lazy\" decoding=\"async\" aria-describedby=\"caption-attachment-200\" class=\"size-full wp-image-200\" src=\"http:\/\/xn--nsberg-bua.nu\/wp-content\/uploads\/2023\/08\/230826-ladan08.jpg\" alt=\"\" width=\"1024\" height=\"768\" srcset=\"https:\/\/n\u00e4sberg.nu\/wp-content\/uploads\/2023\/08\/230826-ladan08.jpg 1024w, https:\/\/n\u00e4sberg.nu\/wp-content\/uploads\/2023\/08\/230826-ladan08-300x225.jpg 300w, https:\/\/n\u00e4sberg.nu\/wp-content\/uploads\/2023\/08\/230826-ladan08-768x576.jpg 768w\" sizes=\"auto, (max-width: 1024px) 100vw, 1024px\" \/><p id=\"caption-attachment-200\" class=\"wp-caption-text\">En skinande ren lada efter arbetsdagen 2023.<\/p><\/div>\n<p>2024 som var andra \u00e5ret var det mycket fokus p\u00e5 att r\u00f6ja sly och hantera h\u00e4ssjorna och placera dessa under och i ladan, f\u00f6r att det skall h\u00e5lla l\u00e4ngre.<\/p>\n<p>Vi har kanske en bit kvar till att de blir en tradition, s\u00e5 l\u00e4nge f\u00e5r vi se det som en god vana att f\u00f6lja upp sl\u00e5tterdagen med arbetsdagen under h\u00f6sten varje \u00e5r.<\/p>\n<p><img loading=\"lazy\" decoding=\"async\" class=\"alignnone size-full wp-image-738\" src=\"https:\/\/n\u00e4sberg.nu\/wp-content\/uploads\/2024\/09\/240831-arbetsdag-1.jpg\" alt=\"\" width=\"1024\" height=\"768\" srcset=\"https:\/\/n\u00e4sberg.nu\/wp-content\/uploads\/2024\/09\/240831-arbetsdag-1.jpg 1024w, https:\/\/n\u00e4sberg.nu\/wp-content\/uploads\/2024\/09\/240831-arbetsdag-1-300x225.jpg 300w, https:\/\/n\u00e4sberg.nu\/wp-content\/uploads\/2024\/09\/240831-arbetsdag-1-768x576.jpg 768w\" sizes=\"auto, (max-width: 1024px) 100vw, 1024px\" \/><br \/>\n<em>Bortst\u00e4dad sly och liknande under 2024-\u00e5rs arbetsdag.<\/em><\/p>\n<p>Under 2025 s\u00e5 r\u00f6jdes det en helt del sly, vi fick ner ett r\u00f6r under v\u00e4gen vid 22:1, h\u00e4ssjorna t\u00f6mdes och ladan inventerades.<\/p>\n<p><img loading=\"lazy\" decoding=\"async\" class=\"alignnone size-full wp-image-1243\" src=\"https:\/\/n\u00e4sberg.nu\/wp-content\/uploads\/2025\/12\/250913_arbetsdag-3.jpg\" alt=\"\" width=\"1024\" height=\"768\" srcset=\"https:\/\/n\u00e4sberg.nu\/wp-content\/uploads\/2025\/12\/250913_arbetsdag-3.jpg 1024w, https:\/\/n\u00e4sberg.nu\/wp-content\/uploads\/2025\/12\/250913_arbetsdag-3-300x225.jpg 300w, https:\/\/n\u00e4sberg.nu\/wp-content\/uploads\/2025\/12\/250913_arbetsdag-3-768x576.jpg 768w\" sizes=\"auto, (max-width: 1024px) 100vw, 1024px\" \/><br \/>\n<em>Ett r\u00f6r under v\u00e4gen f\u00f6r att f\u00e5 bort vatten fr\u00e5n en k\u00e4lla 2025.<\/em><\/p>\n","protected":false},"excerpt":{"rendered":"<p>En ganska nytt p\u00e5fund med start 2023, s\u00e5 snart \u00e4r den lika sj\u00e4lvklar som sl\u00e5tterdagen och midsommar. Man kan se den som en uppf\u00f6ljning p\u00e5 sommarens sl\u00e5tterdag, f\u00f6r att f\u00f6rbereda f\u00e4dboden inf\u00f6r den stundande vintern. D\u00e5 det finns ett litet &hellip; <a href=\"https:\/\/n\u00e4sberg.nu\/index.php\/aktiviteter\/arbetsdag\/\">Forts\u00e4tt l\u00e4sa <span class=\"meta-nav\">&rarr;<\/span><\/a><\/p>\n","protected":false},"author":2,"featured_media":0,"parent":63,"menu_order":10,"comment_status":"closed","ping_status":"closed","template":"","meta":{"inline_featured_image":false,"_monsterinsights_skip_tracking":false,"_monsterinsights_sitenote_active":false,"_monsterinsights_sitenote_note":"","_monsterinsights_sitenote_category":0,"footnotes":""},"class_list":["post-405","page","type-page","status-publish","hentry"],"_links":{"self":[{"href":"https:\/\/n\u00e4sberg.nu\/index.php\/wp-json\/wp\/v2\/pages\/405","targetHints":{"allow":["GET"]}}],"collection":[{"href":"https:\/\/n\u00e4sberg.nu\/index.php\/wp-json\/wp\/v2\/pages"}],"about":[{"href":"https:\/\/n\u00e4sberg.nu\/index.php\/wp-json\/wp\/v2\/types\/page"}],"author":[{"embeddable":true,"href":"https:\/\/n\u00e4sberg.nu\/index.php\/wp-json\/wp\/v2\/users\/2"}],"replies":[{"embeddable":true,"href":"https:\/\/n\u00e4sberg.nu\/index.php\/wp-json\/wp\/v2\/comments?post=405"}],"version-history":[{"count":18,"href":"https:\/\/n\u00e4sberg.nu\/index.php\/wp-json\/wp\/v2\/pages\/405\/revisions"}],"predecessor-version":[{"id":407,"href":"https:\/\/n\u00e4sberg.nu\/index.php\/wp-json\/wp\/v2\/pages\/405\/revisions\/407"}],"up":[{"embeddable":true,"href":"https:\/\/n\u00e4sberg.nu\/index.php\/wp-json\/wp\/v2\/pages\/63"}],"wp:attachment":[{"href":"https:\/\/n\u00e4sberg.nu\/index.php\/wp-json\/wp\/v2\/media?parent=405"}],"curies":[{"name":"wp","href":"https:\/\/api.w.org\/{rel}","templated":true}]}}