{"id":1146,"date":"2025-08-20T17:44:00","date_gmt":"2025-08-20T15:44:00","guid":{"rendered":"https:\/\/n\u00e4sberg.nu\/?page_id=1146"},"modified":"2026-04-01T22:16:12","modified_gmt":"2026-04-01T20:16:12","slug":"tidslinjen","status":"publish","type":"page","link":"https:\/\/n\u00e4sberg.nu\/index.php\/historik\/tidslinjen\/","title":{"rendered":"Tidslinjen"},"content":{"rendered":"<p>V\u00e4lkommen till N\u00e4sbergs tidslinje, d\u00e4r vi samlar information om \u00e5rtal d\u00e4r vi vet att det h\u00e4nt saker.<\/p>\n<p><em>En stapplande b\u00f6rjan&#8230;<\/em><\/p>\n<h2><span style=\"text-decoration: underline;\">N\u00e4sbergs tidslinje<\/span><\/h2>\n<p><strong>1600-talet:<\/strong> <em>H\u00e4r p\u00e5g\u00e5r efterforskningar&#8230;<\/em><\/p>\n<p><strong>1700-talet:<\/strong> <em>H\u00e4r p\u00e5g\u00e5r ocks\u00e5 efterforskningar&#8230;<\/em><\/p>\n<p><strong>1800-talet:<\/strong> <em>Givetvis p\u00e5g\u00e5r efterforskningar \u00e4ven h\u00e4r.<br \/>\n<\/em>Men troligen full fart uppe i N\u00e4sberg d\u00e5, fanns till och med ett par s\u00e5gar nere vid Holmtj\u00e4rn, dels en f\u00f6r N\u00e4sberg, men \u00e4ven en f\u00f6r n\u00e4rliggande f\u00e4dboden Fyriberg.<\/p>\n<p><strong>1900-talet:<\/strong> Detta \u00e5rhundrade borde vara l\u00e4ttare \u00e4n tidigare att efterforska. Men vi kan v\u00e4l b\u00f6rja med att till och med 1965 s\u00e5 fanns det faktiskt en dansbana i N\u00e4sberg.<\/p>\n<h3><span style=\"text-decoration: underline;\">1980-talet:<\/span><\/h3>\n<p><strong>1985:<\/strong> Troligen kommer majst\u00e5ngen p\u00e5 plats, i alla fall nuvarande placering och fundament. Detta enligt texten p\u00e5 baksidan av V\u00e5mhus landskommuns vapen som sitter p\u00e5 majst\u00e5ngen, med dateringen 1985. Vapensk\u00f6lden \u00e4r tillverkad av Nisse Broberg (Grishol) i samarbete med Ullus Mats (Bj\u00f6rkvassla), en reporter fr\u00e5n Mora Tidning var \u00e4ven p\u00e5 bes\u00f6k.<\/p>\n<p><em><strong>1989?:<\/strong> L\u00f6st springande f\u00e5r i hela f\u00e4dboden.<\/em><\/p>\n<h3><span style=\"text-decoration: underline;\">1990-talet:<\/span><\/h3>\n<p><em><strong>1990?:<\/strong> L\u00f6st springande f\u00e5r i hela f\u00e4dboden.<\/em><\/p>\n<p><em><strong>1990-1991-1992?:<\/strong> Den nya v\u00e4gen anl\u00e4ggs, innan dess har den gamla v\u00e4gen g\u00e5tt rakt \u00f6ver N\u00e4sberg 16:1 en bra stund. Ursprungligen gick v\u00e4gen mellan 16:1 och 17:1, som dock troligen var anpassad som mest f\u00f6r h\u00e4st och vagn (och inte dagens betydligt st\u00f6rre fordon).<\/em><\/p>\n<p><strong>1995:<\/strong> Majst\u00e5ngen firar 10 \u00e5r!<\/p>\n<h3><span style=\"text-decoration: underline;\">2000-talet:\u00a0<\/span><\/h3>\n<p><strong>2004:<\/strong> <a href=\"https:\/\/n\u00e4sberg.nu\/index.php\/ladan\/\">Ladan<\/a> monteras upp p\u00e5 sin plats och st\u00e5r klar den 18 juni, efter att ha flyttats fr\u00e5n Arweg\u00e5rden (idag N\u00e4sberg 24:1).<\/p>\n<p><strong>2005:<\/strong> Majst\u00e5ngen firar 20 \u00e5r!<\/p>\n<h3><span style=\"text-decoration: underline;\">2010-talet:<\/span><\/h3>\n<p><strong>2015:<\/strong> Majst\u00e5ngen firar 30 \u00e5r!<\/p>\n<p><strong>2017:<\/strong> V\u00e4ldigt mycket sn\u00f6 (fr\u00e5n november och fram\u00e5t)!<\/p>\n<p><strong>2018:<\/strong> V\u00e4ldigt mycket sn\u00f6 (lite sm\u00e5tt \u00e4nda in i maj)!<\/p>\n<h3><span style=\"text-decoration: underline;\">2020-talet:<\/span><strong><br \/>\n<\/strong><\/h3>\n<p><strong>2020:<\/strong> Extra mycket vandrare p\u00e5 <a href=\"https:\/\/www.moraoutdoor.se\/index.php\/leder\/beskrivning\/siljansledning-vandring\">Siljansleden<\/a> tack vare corona-pandemin och hemester-trenden.<\/p>\n<p><strong>2023:<\/strong> F\u00f6rsta \u00e5ret vi testade att k\u00f6ra med en arbetsdag, f\u00f6r att g\u00f6ra i ordning N\u00e4sberg inf\u00f6r vintern.<\/p>\n<p><strong>2024:<\/strong> Ladan fyller 20 \u00e5r p\u00e5 sin plats. F\u00f6rsta \u00e5ret det var djur (sju tackor) i f\u00e4dboden sedan slutet av 80\/b\u00f6rjan av 90-talet. Andra \u00e5ret vi k\u00f6rde arbetsdagen.<\/p>\n<p><strong>2025:<\/strong> Majst\u00e5ngen firar 40 \u00e5r! Andra \u00e5ret i rad det var djur i f\u00e4dboden (fyra tackor). Tredje \u00e5ret vi k\u00f6r arbetsdagen.<\/p>\n<p>&nbsp;<\/p>\n<p><em>Senast uppdaterad: 260331 kl0ckan 19:35<\/em><\/p>\n","protected":false},"excerpt":{"rendered":"<p>V\u00e4lkommen till N\u00e4sbergs tidslinje, d\u00e4r vi samlar information om \u00e5rtal d\u00e4r vi vet att det h\u00e4nt saker. En stapplande b\u00f6rjan&#8230; N\u00e4sbergs tidslinje 1600-talet: H\u00e4r p\u00e5g\u00e5r efterforskningar&#8230; 1700-talet: H\u00e4r p\u00e5g\u00e5r ocks\u00e5 efterforskningar&#8230; 1800-talet: Givetvis p\u00e5g\u00e5r efterforskningar \u00e4ven h\u00e4r. Men troligen full &hellip; <a href=\"https:\/\/n\u00e4sberg.nu\/index.php\/historik\/tidslinjen\/\">Forts\u00e4tt l\u00e4sa <span class=\"meta-nav\">&rarr;<\/span><\/a><\/p>\n","protected":false},"author":2,"featured_media":0,"parent":1093,"menu_order":0,"comment_status":"closed","ping_status":"closed","template":"","meta":{"inline_featured_image":false,"_monsterinsights_skip_tracking":false,"_monsterinsights_sitenote_active":false,"_monsterinsights_sitenote_note":"","_monsterinsights_sitenote_category":0,"footnotes":""},"class_list":["post-1146","page","type-page","status-publish","hentry"],"_links":{"self":[{"href":"https:\/\/n\u00e4sberg.nu\/index.php\/wp-json\/wp\/v2\/pages\/1146","targetHints":{"allow":["GET"]}}],"collection":[{"href":"https:\/\/n\u00e4sberg.nu\/index.php\/wp-json\/wp\/v2\/pages"}],"about":[{"href":"https:\/\/n\u00e4sberg.nu\/index.php\/wp-json\/wp\/v2\/types\/page"}],"author":[{"embeddable":true,"href":"https:\/\/n\u00e4sberg.nu\/index.php\/wp-json\/wp\/v2\/users\/2"}],"replies":[{"embeddable":true,"href":"https:\/\/n\u00e4sberg.nu\/index.php\/wp-json\/wp\/v2\/comments?post=1146"}],"version-history":[{"count":20,"href":"https:\/\/n\u00e4sberg.nu\/index.php\/wp-json\/wp\/v2\/pages\/1146\/revisions"}],"predecessor-version":[{"id":1306,"href":"https:\/\/n\u00e4sberg.nu\/index.php\/wp-json\/wp\/v2\/pages\/1146\/revisions\/1306"}],"up":[{"embeddable":true,"href":"https:\/\/n\u00e4sberg.nu\/index.php\/wp-json\/wp\/v2\/pages\/1093"}],"wp:attachment":[{"href":"https:\/\/n\u00e4sberg.nu\/index.php\/wp-json\/wp\/v2\/media?parent=1146"}],"curies":[{"name":"wp","href":"https:\/\/api.w.org\/{rel}","templated":true}]}}