{"id":1093,"date":"2025-08-18T20:19:58","date_gmt":"2025-08-18T18:19:58","guid":{"rendered":"https:\/\/n\u00e4sberg.nu\/?page_id=1093"},"modified":"2025-09-08T20:50:37","modified_gmt":"2025-09-08T18:50:37","slug":"historik","status":"publish","type":"page","link":"https:\/\/n\u00e4sberg.nu\/index.php\/historik\/","title":{"rendered":"Historik"},"content":{"rendered":"<p>H\u00e4r t\u00e4nkte vi f\u00f6rs\u00f6ka samla ihop lite information om N\u00e4sberg. Mest f\u00f6r att man \u00e4r nyfiken p\u00e5 hur det var f\u00f6rr.<\/p>\n<p>Just nu finns det tv\u00e5 undersidor:<\/p>\n<ul>\n<li><a href=\"https:\/\/n\u00e4sberg.nu\/index.php\/historik\/bildarkiv\/\">Bildarkivet<\/a> (ej p\u00e5b\u00f6rjat \u00e4n)<\/li>\n<li><a href=\"https:\/\/n\u00e4sberg.nu\/index.php\/historik\/dokument\/\">Dokument<\/a> (ig\u00e5ng lite sm\u00e5tt)<\/li>\n<li><a href=\"https:\/\/n\u00e4sberg.nu\/index.php\/historik\/tidslinjen\/\">Tidslinjen<\/a> (ig\u00e5ng lite sm\u00e5tt)<\/li>\n<\/ul>\n<p>Har du n\u00e5got att bidra med?<br \/>\nKontakta oss g\u00e4rna!<\/p>\n<p>Via mail: <strong><a href=\"mailto:nasberg@hallah.nu\">nasberg@hallah.nu<\/a><\/strong><\/p>\n<p>Mycket m\u00f6jligt att sj\u00e4lva uppl\u00e4gget och presentationen kommer att \u00e4ndras med tiden.<\/p>\n<p><img loading=\"lazy\" decoding=\"async\" class=\"alignnone size-full wp-image-1142\" src=\"https:\/\/n\u00e4sberg.nu\/wp-content\/uploads\/2025\/08\/nasberg-forr.jpg\" alt=\"\" width=\"640\" height=\"352\" srcset=\"https:\/\/n\u00e4sberg.nu\/wp-content\/uploads\/2025\/08\/nasberg-forr.jpg 640w, https:\/\/n\u00e4sberg.nu\/wp-content\/uploads\/2025\/08\/nasberg-forr-300x165.jpg 300w\" sizes=\"auto, (max-width: 640px) 100vw, 640px\" \/><br \/>\n<em>Bild l\u00e5nad fr\u00e5n <a href=\"https:\/\/www.wildlifephotographer.se\/\">wildlifephotographer.se<\/a> (hoppas att det \u00e4r okej?)<\/em><\/p>\n<p>&nbsp;<\/p>\n","protected":false},"excerpt":{"rendered":"<p>H\u00e4r t\u00e4nkte vi f\u00f6rs\u00f6ka samla ihop lite information om N\u00e4sberg. Mest f\u00f6r att man \u00e4r nyfiken p\u00e5 hur det var f\u00f6rr. Just nu finns det tv\u00e5 undersidor: Bildarkivet (ej p\u00e5b\u00f6rjat \u00e4n) Dokument (ig\u00e5ng lite sm\u00e5tt) Tidslinjen (ig\u00e5ng lite sm\u00e5tt) Har &hellip; <a href=\"https:\/\/n\u00e4sberg.nu\/index.php\/historik\/\">Forts\u00e4tt l\u00e4sa <span class=\"meta-nav\">&rarr;<\/span><\/a><\/p>\n","protected":false},"author":2,"featured_media":0,"parent":0,"menu_order":0,"comment_status":"closed","ping_status":"closed","template":"","meta":{"inline_featured_image":false,"_monsterinsights_skip_tracking":false,"_monsterinsights_sitenote_active":false,"_monsterinsights_sitenote_note":"","_monsterinsights_sitenote_category":0,"footnotes":""},"class_list":["post-1093","page","type-page","status-publish","hentry"],"_links":{"self":[{"href":"https:\/\/n\u00e4sberg.nu\/index.php\/wp-json\/wp\/v2\/pages\/1093","targetHints":{"allow":["GET"]}}],"collection":[{"href":"https:\/\/n\u00e4sberg.nu\/index.php\/wp-json\/wp\/v2\/pages"}],"about":[{"href":"https:\/\/n\u00e4sberg.nu\/index.php\/wp-json\/wp\/v2\/types\/page"}],"author":[{"embeddable":true,"href":"https:\/\/n\u00e4sberg.nu\/index.php\/wp-json\/wp\/v2\/users\/2"}],"replies":[{"embeddable":true,"href":"https:\/\/n\u00e4sberg.nu\/index.php\/wp-json\/wp\/v2\/comments?post=1093"}],"version-history":[{"count":25,"href":"https:\/\/n\u00e4sberg.nu\/index.php\/wp-json\/wp\/v2\/pages\/1093\/revisions"}],"predecessor-version":[{"id":1193,"href":"https:\/\/n\u00e4sberg.nu\/index.php\/wp-json\/wp\/v2\/pages\/1093\/revisions\/1193"}],"wp:attachment":[{"href":"https:\/\/n\u00e4sberg.nu\/index.php\/wp-json\/wp\/v2\/media?parent=1093"}],"curies":[{"name":"wp","href":"https:\/\/api.w.org\/{rel}","templated":true}]}}